o(-1)?
0
Let i(j) = -j**3 + 12*j**2 - 15*j + 33. Determine i(11).
-11
Let r(h) = 10*h - 19. Determine r(-5).
-69
Let w(z) = z**2 + 9*z - 10. What is w(-7)?
-24
Let k(i) = i**2 + i - 17. Give k(-5).
3
Let m(s) = s**3 + 5*s**2 + 3*s + 3. Calculate m(-4).
7
Let t(u) = 10*u - 1. Give t(1).
9
Let j(a) = -a**2 - 5*a + 7. Give j(-7).
-7
Let u(i) = i**2 + 5*i + 13. Determine u(-4).
9
Let v(w) = 7*w + 5. Give v(-4).
-23
Let r(i) = -10*i**3 + 2*i**2. Give r(1).
-8
Let d(p) = p - 5. Determine d(-3).
-8
Let f(g) = -g**3 + g**2 - 2. Give f(2).
-6
Let f(s) = 9*s**2. Determine f(-1).
9
Let u(w) = -18*w + 79. What is u(4)?
7
Let c(u) = 8*u**2 - 72*u + 6. Determine c(9).
6
Let a(b) = -23*b + 116. What is a(6)?
-22
Let h(j) = -2*j - 13. Give h(-4).
-5
Let r(t) = 4*t**2 - t - 1. Calculate r(3).
32
Let j(z) = -5*z + 79. Determine j(16).
-1
Let p(c) = c**3 + c**2 + 2*c + 4. What is p(0)?
4
Let k(m) = -m**3 + 6*m**2 - 5*m + 2. Calculate k(4).
14
Let t(m) = 11*m**2 - m. Calculate t(-2).
46
Let y(b) = -13*b + 49. Give y(3).
10
Let w(k) = k**3 - 8*k**2 + 2*k - 5. Calculate w(8).
11
Let z(f) = f**2 + 32*f + 258. Give z(-11).
27
Let b(h) = -5*h + 8. Determine b(7).
-27
Let m(w) = 2*w**3 - w**2 - 3*w - 1. Calculate m(2).
5
Let c(k) = -k**3 + 6*k**2 + 8*k - 30. Calculate c(6).
18
Let f(c) = 3*c**3 + c**2 + 2*c. Calculate f(-1).
-4
Let t(d) = 4*d**3 + d**2 - 3*d - 3. Calculate t(-2).
-25
Let s(v) = -8*v**2 + v - 11. What is s(0)?
-11
Let a(w) = -19*w + 74. Calculate a(4).
-2
Let z(u) = -u**2 + 16*u - 16. Determine z(15).
-1
Let l(d) = d**2 - 14*d + 36. Give l(10).
-4
Let w(g) = 24*g**3 - 2*g - 1. Calculate w(-1).
-23
Let j(s) = -s**3 + 3*s**2 - s + 3. Calculate j(3).
0
Let m(a) = -a**2 - 16*a - 28. Give m(-10).
32
Let b(s) = -s**3 + 2*s**2 + 9*s + 4. Determine b(5).
-26
Let x(c) = c**3 + c**2 + c + 22. Calculate x(0).
22
Let x(w) = -w**3 - 13*w**2 - 17*w - 9. Calculate x(-12).
51
Let k(g) = g**2 + 9*g - 10. Calculate k(-12).
26
Let b(h) = h**2 - 13*h + 14. What is b(12)?
2
Let x(f) = -3*f + 1. Calculate x(8).
-23
Let r(q) = -q**2 - 8*q + 1. Calculate r(-9).
-8
Let f(q) = 17*q + 602. Calculate f(-36).
-10
Let n(p) = 7*p + 29. Give n(-7).
-20
Let w(f) = -4*f - 117. Give w(-18).
-45
Let s(u) = u**2 + 5*u + 3. What is s(-4)?
-1
Let h(z) = z**3 - 12*z**2 - 13*z - 4. Calculate h(13).
-4
Let l(m) = -m**2 + 17*m - 11. Calculate l(18).
-29
Let d(u) = -u**3 - 6*u**2 - 5*u - 7. What is d(-7)?
77
Let b(j) = -28*j - 1058. Give b(-38).
6
Let b(h) = 11*h - 13. What is b(3)?
20
Let t(w) = -w**3 - 47*w**2 - w - 37. What is t(-47)?
10
Let b(v) = v**2 + 4*v + 6. Calculate b(-5).
11
Let o(w) = -3*w**3 - 5. Calculate o(-2).
19
Let a(m) = m + 9. Calculate a(-5).
4
Let h(i) = -12*i + 1. What is h(4)?
-47
Let l(c) = -c**3 + 4*c**2 - 4*c - 5. What is l(6)?
-101
Let h(s) = -s**2 + 31*s - 120. Determine h(27).
-12
Let x(d) = d - 7. Give x(7).
0
Let p(u) = 2*u**3 - 4*u**2 - u + 4. What is p(3)?
19
Let l(x) = -5*x**2 + 4*x - 10. What is l(0)?
-10
Let v(r) = -7*r - 8. Determine v(-5).
27
Let u(q) = -q**2 - 3*q + 14. Calculate u(-6).
-4
Let l(t) = -5*t - 11. What is l(-6)?
19
Let h(a) = -a**2 - 6*a - 1. Give h(-4).
7
Let q(s) = -4*s - 21. Calculate q(-7).
7
Let d(k) = -k + 56. What is d(0)?
56
Let d(y) = 2*y**3 - 19*y**2 - 9*y - 11. Calculate d(10).
-1
Let t(z) = -z**3 + 3*z - 3. What is t(-2)?
-1
Let v(h) = 4*h**2 + 4*h - 4. Determine v(1).
4
Let c(b) = b**3 + 18*b**2 + 17*b - 2. Calculate c(-17).
-2
Let q(g) = g**3 + 4*g**2 + g - 7. Calculate q(-3).
-1
Let o(c) = 66*c + 785. Determine o(-12).
-7
Let m(a) = a. Give m(-1).
-1
Let y(t) = 3*t**2 - 4*t + 1. Give y(3).
16
Let r(g) = g**3 + 6*g**2 + 3*g + 4. Calculate r(-3).
22
Let z(q) = -6*q - 47. What is z(-7)?
-5
Let w(c) = c**2 - 22. What is w(5)?
3
Let v(j) = -3*j - 19. Determine v(8).
-43
Let r(h) = h + 23. Determine r(-20).
3
Let j(u) = u**3 + 5*u**2 + 5*u + 1. Determine j(-5).
-24
Let s(p) = p**3 - 11*p**2 + 10*p - 5. Determine s(10).
-5
Let g(w) = -w**3 + 9. Calculate g(0).
9
Let i(n) = n**3 + 5*n**2 - 3*n - 1. What is i(-4)?
27
Let s(g) = 32*g - 132. Determine s(4).
-4
Let x(d) = 6*d - 4. Give x(-6).
-40
Let y(l) = 39*l - 188. Give y(4).
-32
Let s(f) = -2*f - 1. Give s(-1).
1
Let x(y) = -11*y**2 + 31*y - 30. Determine x(1).
-10
Let i(f) = 3*f**2 - 15*f - 33. Calculate i(-2).
9
Let r(t) = t + 13. Determine r(-12).
1
Let h(g) = g**3 + 14*g**2 + 2*g + 27. Give h(-14).
-1
Let n(b) = -b**2 - 3*b + 7. Calculate n(-5).
-3
Let k(g) = 3*g**2 + 20*g - 26. Give k(-8).
6
Let v(r) = -3*r**2 - 46*r + 86. What is v(-17)?
1
Let t(o) = -11*o + 4. What is t(2)?
-18
Let n(q) = 4*q - 5. What is n(-6)?
-29
Let o(r) = r**2 - 5*r - 52. Give o(10).
-2
Let j(u) = 2*u + 24. Determine j(12).
48
Let a(c) = -c**2 - 2*c + 5. What is a(0)?
5
Let s(q) = q**3 + 20*q**2 + 3*q - 36. Calculate s(-20).
-96
Let d(g) = -g**3 + 20*g**2 - 19*g + 1. Calculate d(19).
1
Let x(n) = n**2 - 24*n + 9. Calculate x(24).
9
Let a(s) = -13*s - 2. Determine a(1).
-15
Let o(m) = m**3 + 20*m**2 - 15*m + 63. Give o(-21).
-63
Let x(m) = -12*m - 11. Determine x(-8).
85
Let x(z) = 4*z + 9. Calculate x(-2).
1
Let v(g) = -10*g + 90. Determine v(10).
-10
Let k(l) = -l**3 - 12*l**2 - 14*l - 5. Determine k(-9).
-122
Let f(r) = -4*r + 15. Determine f(-10).
55
Let d(y) = 20*y**3 - y**2 + y + 1. Determine d(-1).
-21
Let a(f) = f**3 + 10*f**2 + 13*f + 39. What is a(-9)?
3
Let m(d) = d**2 - 11*d - 25. What is m(9)?
-43
Let i(m) = m**3 + 14*m**2 + 18*m. Calculate i(-13).
-65
Let n(h) = 2*h - 13. Calculate n(7).
1
Let y(u) = -3*u**3 - 5*u**2 + 4. Give y(-2).
8
Let f(x) = -13*x - 5. What is f(-4)?
47
Let m(r) = r**3 - 2*r - 7. Determine m(4).
49
Let a(d) = d**2 + 6*d - 9. Calculate a(-7).
-2
Let l(x) = 2*x**2 + 28*x - 2. Determine l(-14).
-2
Let q(v) = v**3 + 2*v**2 - 5*v - 1. Determine q(2).
5
Let g(r) = -r**2 - 12*r + 91. Calculate g(5).
6
Let y(h) = -h**3 - 5*h**2 - 1. What is y(-5)?
-1
Let a(m) = 2*m**3 + 95*m**2 + 140*m + 99. What is a(-46)?
7
Let j(d) = d - 1. Calculate j(-1).
-2
Let j(c) = -c**2 + 3*c - 3. Calculate j(2).
-1
Let i(w) = -w**3 - 9*w**2 + 13*w + 13. Calculate i(-10).
-17
Let c(a) = -5*a**3 - 16*a**2 - 2*a + 3. Determine c(-3).
0
Let k(s) = -s**3 + 4*s**2 + 3*s + 15. Give k(5).
5
Let c(b) = -b**2 - 11*b + 28. Give c(-14).
-14
Let k(s) = s + 20. Calculate k(-7).
13
Let h(c) = -c**3 - 18*c**2 + 17*c + 8. Give h(-19).
46
Let i(x) = 4*x + 18. Give i(-4).
2
Let g(z) = z**2 - 7*z + 8. Give g(6).
2
Let j(m) = -m**3 + 17*m**2 + 19*m - 14. Give j(18).
4
Let u(x) = 108*x + 860. Calculate u(-8).
-4
Let r(t) = -t**3 - 2*t + 153. Give r(0).
153
Let z(n) = 2*n - 4. Determine z(-4).
-12
Let c(q) = -121*q - 355. What is c(-3)?
8
Let r(o) = o + 5. Determine r(33).
38
Let i(b) = -2*b**2 + b - 5. Calculate i(3).
-20
Let i(j) = -4*j - 108. Calculate i(-22).
-20
Let a(x) = x**2 + 30*x - 24. Determine a(-27).
-105
Let y(i) = -9*i + 42. What is y(6)?
-12
Let t(c) = -c + 1. Calculate t(-6).
7
Let d(q) = 7*q - 7. Calculate d(5).
28
Let w(z) = z**3 - 10*z**2 + 16*z + 5. Give w(8).
5
Let k(f) = -f**2 + 9*f + 10. Determine k(7).
24
Let h(g) = 11*g - 38. Determine h(13).
105
Let x(h) = 5*h + 2. Calculate x(-1).
-3
Let w(s) = 7*s + 48. What is w(-6)?
6
Let n(t) = -3*t - 2. Give n(-10).
28
Let i(b) = b + 5. Determine i(-7).
-2
Let x(i) = 17*i + 8. What is x(-1)?
-9
Let a(j) = -2*j**3 - 10*j**2 - 11. Determine a(-5).
-11
Let j(b) = 4*b - 12. Determine j(4).
4
Let w(a) = 17*a**3 + a**2 - 4*a + 4. Calculate w(1).
18
Let q(g) = 21*g + 687. Determine q(-33).
-6
Let p(c) = -15*c - 781. Determine p(-52).
-1
Let k(o) = -3*o + 9. Give k(7).
-12
Let g(a) = -5*a - 260. Determine g(-46).
-30
Let b(l) = 3*l**2 - 47*l - 27. Calculate b(16).
-11
Let y(f) = f - 4. Calculate y(19).
15
Let i(x) = 3*x - 36. What is i(-4)?
-48
Let m(y) = -y + 44. Calculate m(0).
44
Let i(y) = -y + 9. Calculate i(11).
-2
Let f(j) = -j**3 - 4*j**2 - 4. Calculate f(-5).
21
Let l(k) = k**3 + 3*k**2 - 4*k - 9. What is l(-4)?
-9
Let w(t) = -t**3 - 7*t**2 - 5*t + 2. Determine w(-7).
37
Let c(f) = -f**2 + 6*f + 171. Determine c(16).
11
Let v(c) = 2*c**2 - 151*c - 84. Calculate v(76).
-8
Let z(h) = -11*h + 535. What is z(49)?
-4
Let t(d) = -d**3 + 8*d**2 - 7*d + 9. Determine t(7).
9
Let f(g) = -g**3 + 6*g**2 - 8*g + 2. Calculate f(4).
2
Let v(p) = p**2 - 2*p + 9. Determ